{"id":560,"date":"2007-11-11T22:22:49","date_gmt":"2007-11-11T20:22:49","guid":{"rendered":"http:\/\/www.nimenhuuto.com\/blog\/?page_id=7"},"modified":"2012-02-23T23:49:38","modified_gmt":"2012-02-23T21:49:38","slug":"palaute","status":"publish","type":"page","link":"http:\/\/blog.nimenhuuto.com\/blogi\/palaute\/","title":{"rendered":"Palaute"},"content":{"rendered":"<p>Otamme innolla vastaan uutta palautetta ja toiveita uusista ominaisuuksista!<\/p>\n<p>Palvelumme hyvyys on k\u00e4ytt\u00e4jiemme ansiota. Olemme saaneet ahkerasti palautetta ja sopivasti kehuja, jotta ty\u00f6 tuntuu mielekk\u00e4\u00e4lt\u00e4. Jatketaan samaan malliin!<\/p>\n<p>Muuten, kokosimme vastauksia useimmin kysyttyihin kysymyksiin erilliselle sivulle: Nimenhuuto.com <a href=\"http:\/\/nimenhuuto.com\/faq\">Usein Kysyttyj\u00e4 Kysymyksi\u00e4<\/a>.<\/p>\n","protected":false},"excerpt":{"rendered":"<p>Otamme innolla vastaan uutta palautetta ja toiveita uusista ominaisuuksista! Palvelumme hyvyys on k\u00e4ytt\u00e4jiemme ansiota. Olemme saaneet ahkerasti palautetta ja sopivasti kehuja, jotta ty\u00f6 tuntuu mielekk\u00e4\u00e4lt\u00e4. Jatketaan samaan malliin! Muuten, kokosimme vastauksia useimmin kysyttyihin kysymyksiin erilliselle sivulle: Nimenhuuto.com Usein Kysyttyj\u00e4 Kysymyksi\u00e4.<\/p>\n","protected":false},"author":4,"featured_media":0,"parent":0,"menu_order":20,"comment_status":"closed","ping_status":"open","template":"","meta":[],"_links":{"self":[{"href":"http:\/\/blog.nimenhuuto.com\/blogi\/wp-json\/wp\/v2\/pages\/560"}],"collection":[{"href":"http:\/\/blog.nimenhuuto.com\/blogi\/wp-json\/wp\/v2\/pages"}],"about":[{"href":"http:\/\/blog.nimenhuuto.com\/blogi\/wp-json\/wp\/v2\/types\/page"}],"author":[{"embeddable":true,"href":"http:\/\/blog.nimenhuuto.com\/blogi\/wp-json\/wp\/v2\/users\/4"}],"replies":[{"embeddable":true,"href":"http:\/\/blog.nimenhuuto.com\/blogi\/wp-json\/wp\/v2\/comments?post=560"}],"version-history":[{"count":1,"href":"http:\/\/blog.nimenhuuto.com\/blogi\/wp-json\/wp\/v2\/pages\/560\/revisions"}],"predecessor-version":[{"id":653,"href":"http:\/\/blog.nimenhuuto.com\/blogi\/wp-json\/wp\/v2\/pages\/560\/revisions\/653"}],"wp:attachment":[{"href":"http:\/\/blog.nimenhuuto.com\/blogi\/wp-json\/wp\/v2\/media?parent=560"}],"curies":[{"name":"wp","href":"https:\/\/api.w.org\/{rel}","templated":true}]}}